iple of 5?
False
Is 162761088 a multiple of 802?
True
Is 1246 a factor of 5999490?
True
Is 374 a factor of 322627734?
True
Is 14056656 a multiple of 12?
True
Is 9115500 a multiple of 12?
True
Is 5571742 a multiple of 25?
False
Does 443 divide 28268273?
True
Does 12 divide 14666213?
False
Is 666306884 a multiple of 106?
True
Is 863 a factor of 389883551?
True
Is 1912666 a multiple of 29?
True
Is 4060589 a multiple of 376?
False
Is 12 a factor of 16030121?
False
Is 120 a factor of 115760160?
True
Does 177 divide 599450502?
True
Does 111 divide 92754597?
True
Is 3959904 a multiple of 48?
True
Is 660744090 a multiple of 720?
False
Does 43 divide 3057215?
False
Is 1718613 a multiple of 100?
False
Is 456 a factor of 2088024?
True
Is 1571433073 a multiple of 737?
False
Is 3858941184 a multiple of 498?
False
Is 112 a factor of 638055801?
False
Does 1090 divide 165456?
False
Is 31 a factor of 71058169?
True
Is 451038202 a multiple of 2822?
False
Is 78028626 a multiple of 58?
False
Does 104 divide 73246994?
False
Does 12 divide 155732532?
True
Is 962297825 a multiple of 4501?
False
Is 646 a factor of 40170864?
True
Is 2445 a factor of 882999525?
True
Is 76 a factor of 807897176?
True
Does 381 divide 98065815?
False
Is 97 a factor of 8226279?
True
Is 553 a factor of 161763560?
True
Does 1219 divide 490089198?
True
Is 17985676 a multiple of 101?
True
Does 1679 divide 226700135?
False
Is 11 a factor of 891489660?
False
Is 21532595 a multiple of 2333?
False
Is 1746161 a multiple of 106?
False
Does 37 divide 817372180?
True
Is 1075161244 a multiple of 74?
True
Does 1397 divide 3150628954?
True
Is 2367 a factor of 76214033?
False
Is 221 a factor of 70701436?
True
Is 28058230 a multiple of 472?
False
Is 34834841 a multiple of 30?
False
Is 285 a factor of 153627255?
True
Is 6 a factor of 1870786586?
False
Is 1558491477 a multiple of 23?
True
Does 31 divide 1373929393?
True
Is 23398488 a multiple of 3?
True
Is 9591286 a multiple of 175?
False
Is 113447562 a multiple of 34?
True
Is 2037 a factor of 73153142?
False
Is 32 a factor of 531920704?
True
Is 85 a factor of 54449351?
False
Is 68 a factor of 237933564?
True
Is 268 a factor of 24685212?
True
Is 2725 a factor of 26334400?
True
Is 268 a factor of 7249125836?
True
Is 49 a factor of 10222331?
True
Is 46 a factor of 97536858?
False
Is 48967016 a multiple of 1267?
True
Is 3 a factor of 72840865?
False
Is 271 a factor of 39170069?
True
Does 163 divide 43326282?
False
Is 777161951 a multiple of 11?
False
Is 1013879802 a multiple of 15?
False
Does 1065 divide 1004753708?
False
Does 47 divide 631856015?
True
Is 988379081 a multiple of 257?
True
Does 28 divide 729373820?
True
Does 10 divide 513642209?
False
Does 1371 divide 464963682?
True
Is 20495892 a multiple of 1269?
False
Is 93 a factor of 28095049?
False
Is 4220 a factor of 75103340?
True
Is 201 a factor of 1444137175?
False
Is 118 a factor of 1230853429?
False
Does 2754 divide 13679118?
True
Is 25131922 a multiple of 15?
False
Does 2 divide 8306016?
True
Is 27717732 a multiple of 76?
True
Is 46393886 a multiple of 11?
True
Is 30870761 a multiple of 29?
True
Is 1071485240 a multiple of 890?
True
Is 30562280 a multiple of 155?
True
Is 28824064 a multiple of 512?
True
Does 87 divide 3865500130?
False
Is 7194250668 a multiple of 6726?
True
Does 11 divide 1317256244?
False
Does 20 divide 67468214?
False
Is 144800 a multiple of 5?
True
Is 1675873883 a multiple of 35?
False
Is 11 a factor of 780216783?
False
Is 26306348 a multiple of 136?
False
Is 6 a factor of 44270172?
True
Is 6 a factor of 7236072?
True
Is 19 a factor of 2115966464?
True
Does 2051 divide 3584849?
False
Is 14 a factor of 1473629276?
True
Is 146 a factor of 1959177796?
True
Is 31269188 a multiple of 68?
True
Does 99 divide 46928673?
True
Is 232 a factor of 23439490?
False
Does 190 divide 5630434540?
True
Does 78 divide 1135270500?
True
Is 39475095 a multiple of 33?
True
Is 72 a factor of 576210006?
False
Is 40 a factor of 110134954?
False
Is 93828384 a multiple of 36?
True
Does 725 divide 91330205?
False
Is 360297262 a multiple of 9551?
False
Is 3881574189 a multiple of 753?
True
Does 239 divide 469976411?
False
Is 208 a factor of 319959120?
True
Is 525637881 a multiple of 9?
True
Is 63476300 a multiple of 34?
True
Does 45 divide 3296780193?
False
Is 3462 a factor of 124153039?
False
Does 2858 divide 2692887624?
True
Is 54016857 a multiple of 207?
True
Is 221298097 a multiple of 870?
False
Is 255 a factor of 31394325?
True
Does 212 divide 114390594?
False
Is 216253178 a multiple of 242?
False
Is 6659533 a multiple of 9?
False
Does 81 divide 16124756?
False
Does 116 divide 34480620?
False
Does 14 divide 194257825?
False
Is 43 a factor of 294437954?
False
Is 2763 a factor of 24506336?
False
Is 53217671 a multiple of 689?
True
Is 13 a factor of 4055002900?
True
Does 3481 divide 668916397?
False
Is 56906296 a multiple of 148?
True
Is 465692730 a multiple of 230?
True
Is 592015848 a multiple of 2308?
True
Is 15 a factor of 2708650519?
False
Does 960 divide 20613120?
True
Is 1513163015 a multiple of 533?
True
Is 6 a factor of 48294528?
True
Is 14 a factor of 272828444?
True
Does 3436 divide 437090083?
False
Is 14157472 a multiple of 32?
True
Is 185506501 a multiple of 403?
False
Is 14 a factor of 3446742502?
True
Is 6804068 a multiple of 192?
False
Is 30870854 a multiple of 1714?
True
Is 78 a factor of 2049901152?
True
Is 55 a factor of 48261785?
True
Does 51 divide 1184363463?
True
Does 2625 divide 676512375?
True
Is 328 a factor of 45685575?
False
Is 4586972234 a multiple of 14?
False
Is 128001957 even?
False
Does 17 divide 9674979?
False
Is 562646788 a multiple of 44?
True
Is 579332941 a multiple of 477?
False
Does 8 divide 3672488?
True
Is 2461728256 a multiple of 3909?
False
Is 126907396 a multiple of 14?
True
Is 125834667 a multiple of 4739?
True
Is 1241 a factor of 4224364?
True
Is 44310896 a multiple of 56?
True
Does 249 divide 513783114?
True
Is 238389405 a multiple of 235?
True
Is 124 a factor of 9184432?
True
Is 685356635 a multiple of 10?
False
Is 82021011 a multiple of 86?
False
Does 239 divide 148509103?
True
Is 129086446 a multiple of 1481?
False
Is 83 a factor of 2734645?
False
Is 32 a factor of 81688588?
False
Does 143 divide 12032306?
True
Does 4 divide 32086497?
False
Does 15 divide 1345657251?
False
Is 10 a factor of 29115380?
True
Does 31 divide 21644593?
False
Is 20768016 a multiple of 34?
True
Is 12874020 a multiple of 230?
True
Is 58154481 a multiple of 9?
True
Does 55 divide 916461535?
True
Is 86 a factor of 3129904726?
True
Is 4059 a factor of 3690353097?
False
Is 9076337 a multiple of 2?
False
Is 746734158 a multiple of 24?
False
Is 1013 a factor of 52781352?
True
Does 6 divide 325249249?
False
Does 122 divide 326953534?
True
Is 3991 a factor of 415095101?
False
Is 628244086 a multiple of 5463?
False
Is 27 a factor of 6188847?
False
Does 1056 divide 26414790?
False
Does 442 divide 49244659?
False
Does 177 divide 27503853?
True
Is 6020226 a multiple of 29?
True
Is 3744610 a multiple of 174?
False
Does 1708 divide 21814576?
True
Is 21189624 a multiple of 138?
True
Is 7 a factor of 315903396?
False
Does 5389 divide 1821007768?
True
Is 131 a factor of 11069500?
True
Is 12 a factor of 2381122134?
False
Does 6 divide 27550301?
False
Does 78 divide 79004911?
False
Is 50 a factor of 22719050?
True
Is 63864928 a multiple of 1748?
True
Does 66 divide 4649463?
False
Is 29 a factor of 119832698?
True
Is 36 a factor of 341863668?
True
Does 373 divide 460187258?
True
Does 32 divide 8874302?
False
Is 41 a factor of 115786748?
False
Does 2272 divide 585456108?
False
Is 66 a factor of 12871362?
False
Is 2327433 a multiple of 38?
False
Is 1301 a factor of 189946538?
False
Does 283 divide 10370535?
True
Does 4537 divide 2904802302?
False
Is 21 a factor of 136322403?
True
Is 22 a factor of 126429578?
True
Is 217714824 a multiple of 216?
True
Does 4057 divide 89732660?
False
Does 388 divide 54547438?
False
Is 190350805 a multiple of 67?
False
Does 293 divide 68038090?
False
Does 3 divide 1493862?
True
Does 64 divide 162778720?
False
Is 640976561 a multiple of 167?
True
Is 1821806112 a multiple of 16?
True
Does 2155 divide 6835890585?
True
Is 140 a factor of 8131680?
False
Is 55670500 a multiple 